 -35. Calculate the highest common factor of g and l.
7
Let y = 1105 - 678. Calculate the highest common divisor of 61 and y.
61
Suppose -12*j = 186 - 882. What is the greatest common divisor of j and 58?
58
Let w(z) = -z**2 - 11*z + 3. Let q be w(-9). Let p = 67 + 164. What is the greatest common factor of p and q?
21
Suppose 74420 = 56*b + 5*b. Calculate the greatest common divisor of b and 20.
20
Let n(v) be the second derivative of -4*v - 7/6*v**3 + 11/12*v**4 - 12*v**2 - 1/20*v**5 + 0. Let q be n(10). What is the highest common divisor of 24 and q?
6
Suppose 13*w - 4*t - 2110 = 8*w, -4*t = 4*w - 1652. Let b(d) = 2*d**2 + 7*d + 8. Let r be b(-6). Calculate the greatest common divisor of w and r.
38
Suppose -2*m + 27 - 1 = 0. Suppose -3744 = 14*r - 50*r. Calculate the greatest common factor of r and m.
13
Suppose 3*t - 25 = -2*t. Suppose -4*p + 3*y - 257 = 0, -y = 2*p - t*y + 116. Let z = p - -185. What is the highest common divisor of 13 and z?
13
Suppose 0*w + 184 = 4*w - 4*t, w - 51 = 2*t. Calculate the greatest common factor of 943 and w.
41
Let r(c) = -c**3 - 4*c**2 - 5*c - 3. Let v be r(-3). Let z = v + 3. Let x = 1 + z. Calculate the highest common factor of x and 70.
7
Let s be 6/15 - (-33)/5. Suppose 3*q + 168 = s*q. Let m be (-6)/24*2*-56. What is the greatest common factor of m and q?
14
Let o = 164 - -16. What is the greatest common divisor of 36 and o?
36
Let i be (0 - -14 - 0)/1. Let f(x) be the second derivative of -3*x**3/2 - 41*x**2/2 - 2*x. Let o be f(-17). What is the greatest common divisor of o and i?
14
Let p = -5 - 3. Let i(y) = -y**3 - 9*y**2 - 7*y + 8. Let l be i(p). Let g be (0 - l)/4 + 2. What is the highest common divisor of 22 and g?
2
Let d = -298 - -360. Calculate the highest common divisor of 310 and d.
62
Let q(b) = -b**3 - 5*b**2 + b + 4. Let j be q(-5). Let l be (-2 - (-2 - j)) + 7. Suppose 9*g + 27*g - 1296 = 0. What is the highest common factor of g and l?
6
Let g(i) = -i - 5. Let s be g(8). Let z = s + 24. Suppose -5*x - 2*n = -0*n - 80, -2*x - 5*n + z = 0. What is the greatest common factor of 180 and x?
18
Suppose -5*f + 75 = -4*k + 6*k, -45 = -k - 5*f. Calculate the greatest common factor of k and 300.
30
Let i = -260 - -167. Let w = i - -137. Let n = w + 108. Calculate the highest common divisor of n and 19.
19
Let a(j) = j**3 + 9*j**2 + 22*j + 182. Let f be a(-8). What is the greatest common factor of 1190 and f?
70
Suppose 2 + 2 = v - 2*n, 5*v - n - 29 = 0. Suppose -v*k + 12 = -3*k. Suppose 0 = -k*a - 252 + 648. What is the highest common divisor of a and 11?
11
Let z(p) = 10*p + 195. Let m be z(0). What is the highest common factor of m and 65?
65
Let r(n) = n**2 - 16*n - 34. Let l be r(18). Suppose -12 = 3*p, l*p + 116 = -t + 5*t. Calculate the highest common factor of 3 and t.
3
Suppose 10*f = 49 + 1. Calculate the highest common factor of 8 and f.
1
Suppose -3*j = -108 - 42. Suppose -453 = -3*u - 3*n, 0 = 27*u - 26*u - 5*n - 145. What is the highest common divisor of u and j?
50
Let c(r) = -54*r - 186. Let q be c(-6). Calculate the greatest common divisor of q and 18.
6
Let j be 2 - ((0 - 0) + 2). Suppose -4*a - 2*z + 6 = j, 3 + 6 = a - z. Let v = a + -1. What is the greatest common factor of v and 15?
3
Let c be -4*12/(-64) - 231/(-12). What is the highest common divisor of c and 460?
20
Suppose 0 = 5*c - 5*h - 235, -107 - 149 = -5*c - 2*h. Suppose 7*y = c + 55. Calculate the highest common factor of y and 45.
15
Let u(q) = q**2 + 3*q - 5. Let k be u(4). Let d = 45 + 162. What is the greatest common divisor of k and d?
23
Let u be 96/20 - (-2)/10. Let m(j) = -j**2 - 18*j + 24. Let x be m(-19). What is the greatest common factor of u and x?
5
Let z = -91 - -97. Suppose z*i + 0*i - 336 = 0. Calculate the highest common divisor of i and 16.
8
Let f = 24 - 5. Suppose f = -i + 2. Let p = -6 - i. Calculate the highest common divisor of 33 and p.
11
Let k(p) = -p + 727. Let b be k(77). Calculate the greatest common factor of b and 390.
130
Let w = -19 - -21. Suppose -5*n = w*v - 45, 0 = -5*v + 6*v - 5*n. What is the highest common factor of v and 5?
5
Suppose 2340 = 29*h - 14*h. Calculate the greatest common factor of h and 24.
12
Let g be (-24)/(-276) + -1 + 180/46. Calculate the highest common factor of 33 and g.
3
Let z be ((-126)/(-12) - 12)/(6/(-80)). Calculate the highest common factor of z and 180.
20
Let i = 412 - 276. Let g(m) = -4*m - 7. Let w be g(-6). What is the highest common factor of w and i?
17
Let u(r) = -5*r - 4. Let y be u(-8). Suppose -2*x = 3*x + 4*k - 48, k = -5*x + 57. Calculate the highest common divisor of y and x.
12
Let y(d) = 6*d**2 - 2 - 15*d + 5 + 0 - 6. Let z be y(6). Calculate the highest common factor of z and 82.
41
Suppose 2*k - 106 = 2. Suppose k = 10*w - 4*w. What is the highest common divisor of w and 6?
3
Suppose 0 = -8*h + 297 + 407. Suppose 4*y - 92 = -4*d, 5*d = 3*y + 19 + h. What is the highest common divisor of 33 and d?
11
Let w = 129 + -216. Let p = w + 156. What is the highest common divisor of p and 46?
23
Let c be 95/10*3*18. What is the greatest common factor of c and 27?
27
Let c(s) = -2*s**2 - 13*s - 9. Let q(v) = -v + 4. Let g be q(10). Let o be c(g). Let u be 1/o + 1788/18. Calculate the highest common divisor of u and 9.
9
Let o be (1 - -180) + 8/((-24)/(-9)). What is the greatest common factor of o and 24?
8
Let u = 12 - 13. Let o = 2 - u. Suppose -5*v + 0 = -5, o*v + 67 = i. What is the greatest common factor of i and 28?
14
Suppose -5*i = 2*m - 202, 0 = i + 2*i - m - 119. Suppose 4*f - 120 = 2*f. Calculate the highest common factor of i and f.
20
Suppose 0 = -5*y + 4*m + 96, -5*m - 79 - 16 = -5*y. What is the greatest common factor of y and 55?
5
Let s(k) = -2*k**2 - 2*k - 1. Let g be s(2). Let m = -10 - g. Suppose b + 49 = 4*p, m*p - b = 43 - 7. Calculate the highest common divisor of 117 and p.
13
Let a = 1278 - 1212. What is the highest common factor of a and 286?
22
Suppose -6*f + 7 = h - 10*f, 5*h - 2*f - 71 = 0. Let s(o) = 5*o**3 - 2*o**2 - 2*o + 2. Let a be s(2). What is the highest common divisor of a and h?
15
Suppose -a = 4*j - 31, -2*a = 4*j + a - 37. Let g = 23 + -20. Suppose -5*v = -g*d + 105, -4*d + 3*v + 140 = -2*v. What is the highest common divisor of j and d?
7
Let n(h) = h**2 - 4*h - 5. Let g = -10 + 8. Let c be n(g). What is the greatest common factor of c and 28?
7
Let c = 355 - 228. Calculate the greatest common factor of c and 1143.
127
Let b = 6 + -1. Let a = 294 + -289. What is the greatest common divisor of b and a?
5
Let t = -2358 - -2364. Calculate the highest common factor of 86 and t.
2
Let z be (-5)/((4 - 4) + -1). Suppose g = z*g - 296. What is the highest common divisor of g and 185?
37
Suppose -58 = w + 3*j - 11, -4*w = 5*j + 209. Let h be (1 + -1)/(3 - 1). Let q = h - w. What is the highest common divisor of q and 14?
14
Suppose 4*t - 5*v = -t + 95, 0 = -t + 2*v + 15. What is the greatest common divisor of t and 920?
23
Let k = 1017 - 814. What is the greatest common factor of 14 and k?
7
Suppose 4*d - 3*v - 6933 = 0, -3463 = -9*d + 7*d + 5*v. What is the highest common divisor of d and 102?
102
Suppose 0 = 4*f - 5*x + 4*x - 1408, 5*f - 1760 = 3*x. Calculate the highest common factor of f and 11.
11
Suppose 5*s + 76 - 41 = 0. Let d be (28/(-8))/s*216. What is the greatest common factor of d and 12?
12
Let c(p) = -11*p + 45. Let b be c(1). Calculate the highest common divisor of 1088 and b.
34
Let j(p) = -p + 13. Let o be j(4). Suppose 5*f - o = 51. What is the greatest common factor of 12 and f?
12
Let b = -185 - -290. What is the highest common factor of 30 and b?
15
Let t = 184 + -112. Let p(a) = 3*a - 9. Let k be p(6). What is the highest common divisor of t and k?
9
Suppose -q + 2 = -0. Let p be q/3 - (-490)/21. What is the greatest common divisor of p and 192?
24
Let b = -6798 - -9866. What is the greatest common divisor of b and 52?
52
Let c(w) = -2*w**2 + 3*w - 2. Let j be c(5). Let d = 41 + j. Calculate the greatest common factor of d and 4.
4
Suppose 3*h - 15 = -0, j = -2*h + 29. Calculate the highest common factor of j and 133.
19
Let l = -105 - -227. Let y = -65 + l. Calculate the greatest common divisor of 57 and y.
57
Let t(o) = 12*o**2 + 6*o + 5. Let h be t(5). Let q = -198 + h. Suppose -